remainder when 333312 is divided by 278.
268
What is the remainder when 125806 is divided by 85?
6
What is the remainder when 621653 is divided by 2116?
1665
Calculate the remainder when 54807 is divided by 944.
55
Calculate the remainder when 1472713 is divided by 10595.
8
Calculate the remainder when 38372 is divided by 3226.
2886
Calculate the remainder when 40550 is divided by 40095.
455
What is the remainder when 65051493 is divided by 9?
6
Calculate the remainder when 3843626 is divided by 310.
246
What is the remainder when 50523 is divided by 16836?
15
Calculate the remainder when 3154445 is divided by 741.
8
What is the remainder when 2247570 is divided by 93642?
162
What is the remainder when 2545852 is divided by 9539?
8478
What is the remainder when 39752 is divided by 637?
258
Calculate the remainder when 57354 is divided by 2866.
34
Calculate the remainder when 17314734 is divided by 35481.
6
Calculate the remainder when 62236 is divided by 19448.
3892
What is the remainder when 365004 is divided by 121254?
1242
Calculate the remainder when 211513623 is divided by 2495.
2493
What is the remainder when 15869556 is divided by 8348?
8
What is the remainder when 559604 is divided by 279693?
218
What is the remainder when 726138 is divided by 34?
0
Calculate the remainder when 9774641 is divided by 1062.
1055
Calculate the remainder when 1026678 is divided by 7605.
3
Calculate the remainder when 1291118 is divided by 257718.
2528
Calculate the remainder when 11625 is divided by 157.
7
Calculate the remainder when 4450426 is divided by 2424.
2386
Calculate the remainder when 85252067 is divided by 634.
623
Calculate the remainder when 122946530 is divided by 54305.
10
Calculate the remainder when 4194836 is divided by 673.
27
Calculate the remainder when 41646 is divided by 4160.
46
Calculate the remainder when 1978867 is divided by 57.
55
Calculate the remainder when 456022 is divided by 35076.
34
Calculate the remainder when 24318 is divided by 1494.
414
What is the remainder when 324951 is divided by 6976?
4055
Calculate the remainder when 2056184 is divided by 22.
20
What is the remainder when 48503 is divided by 2686?
155
What is the remainder when 4878567 is divided by 975659?
272
What is the remainder when 12785726 is divided by 55590?
26
What is the remainder when 2982473 is divided by 9652?
5
What is the remainder when 14699 is divided by 4819?
242
What is the remainder when 364220 is divided by 90946?
436
What is the remainder when 37630974 is divided by 2200?
2174
Calculate the remainder when 4925409 is divided by 1927.
1924
What is the remainder when 786024 is divided by 29110?
54
What is the remainder when 298559 is divided by 87?
62
What is the remainder when 45617476 is divided by 1040?
996
Calculate the remainder when 282734 is divided by 3073.
18
What is the remainder when 8509274 is divided by 4326?
32
Calculate the remainder when 3717062 is divided by 18132.
2
What is the remainder when 6485 is divided by 5718?
767
What is the remainder when 1197289 is divided by 1359?
10
What is the remainder when 88111041 is divided by 63?
60
What is the remainder when 61620 is divided by 1853?
471
What is the remainder when 204017 is divided by 66634?
4115
Calculate the remainder when 13865054 is divided by 13.
8
What is the remainder when 1703207 is divided by 25047?
11
What is the remainder when 16599478 is divided by 6745?
33
Calculate the remainder when 154380 is divided by 2339.
6
What is the remainder when 62643 is divided by 31063?
517
Calculate the remainder when 46013787 is divided by 176298.
9
What is the remainder when 1629565 is divided by 232783?
84
What is the remainder when 12562 is divided by 12297?
265
Calculate the remainder when 52746210 is divided by 143.
88
Calculate the remainder when 873782 is divided by 108.
62
Calculate the remainder when 7726282 is divided by 1413.
1411
What is the remainder when 1169398 is divided by 1248?
22
Calculate the remainder when 524222 is divided by 2072.
6
What is the remainder when 58925 is divided by 699?
209
What is the remainder when 15327 is divided by 4845?
792
Calculate the remainder when 816218 is divided by 17004.
26
Calculate the remainder when 76432806 is divided by 391963.
21
What is the remainder when 332287 is divided by 55343?
229
Calculate the remainder when 973555 is divided by 8.
3
What is the remainder when 764489 is divided by 125?
114
What is the remainder when 1928306 is divided by 726?
50
What is the remainder when 1849322 is divided by 205478?
20
What is the remainder when 3736632 is divided by 5875?
132
Calculate the remainder when 2392027 is divided by 1746.
7
What is the remainder when 1759712 is divided by 9886?
4
Calculate the remainder when 4812214 is divided by 740.
734
Calculate the remainder when 1446993 is divided by 57875.
118
What is the remainder when 55421815 is divided by 289?
285
What is the remainder when 16004638 is divided by 794?
774
Calculate the remainder when 431381 is divided by 71895.
11
Calculate the remainder when 848721 is divided by 77154.
27
What is the remainder when 762693 is divided by 260?
113
What is the remainder when 2614360 is divided by 554?
34
What is the remainder when 299746 is divided by 42820?
6
Calculate the remainder when 76208 is divided by 12696.
32
What is the remainder when 3454771 is divided by 117?
112
Calculate the remainder when 461700 is divided by 47.
19
Calculate the remainder when 1307397 is divided by 23768.
157
What is the remainder when 1882543 is divided by 235316?
15
What is the remainder when 4404830 is divided by 1538?
1536
Calculate the remainder when 363954 is divided by 3754.
3570
What is the remainder when 3798095 is divided by 1899016?
63
Calculate the remainder when 10140560 is divided by 1267570.
0
Calculate the remainder when 35867772 is divided by 39.
18
Calculate the remainder when 797629 is divided by 5.
4
Calculate the remainder when 2013957 is divided by 421.
314
Calculate the remainder when 2170368 is divided by 1085130.
108
What is the remainder when 330778 is divided by 12721?
32
Calculate the remainder when 37204 is divided by 7060.
1904
What is the remainder when 1687099 is divided by 116?
111
Calculate the remainder when 3046331 is divided by 882.
785
Calculate the remainder when 52070825 is divided by 1715.
1710
What is the remainder when 1780636 is divided by 356063?
321
What is the remainder when 190887 is divided by 71?
39
What is the remainder when 559995 is divided by 204?
15
What is the remainder when 45986611 is divided by 1339?
1334
What is the remainder when 251306 is divided by 13191?
677
What is the remainder when 1036659 is divided by 12489?
72
Calculate the remainder when 1820959 is divided by 45517.
279
What is the remainder when 373745 is divided by 69?
41
Calculate the remainder when 1565611 is divided by 3213.
880
What is the remainder when 101625370 is divided by 5666?
5660
What is the remainder when 2349246 is divided by 5315?
16
Calculate the remainder when 95333535 is divided by 500.
35
Calculate the remainder when 1768974937 is divided by 1420.
1417
Calculate the remainder when 177554731 is divided by 4.
3
What is the remainder when 460382 is divided by 1505?
1357
Calculate the remainder when 4038796 is divided by 846.
838
Calculate the remainder when 13488 is divided by 5901.
1686
What is the remainder when 1021329 is divided by 3305?
84
What is the remainder when 637999 is divided by 637992?
7
Calculate the remainder when 1253834 is divided by 78359.
90
Calculate the remainder when 32397120 is divided by 2240.
0
Calculate the remainder when 19190398 is divided by 32.
30
What is the remainder when 3377 is divided by 1598?
181
What is the remainder when 152564 is divided by 19059?
92
What is the remainder when 156515091 is divided by 223274?
17
Calculate the remainder when 11156929 is divided by 1640.
9
What is the remainder when 47628 is divided by 82?
68
What is the remainder when 720448775 is divided by 1784?
1783
Calculate the remainder when 16338913 is divided by 961112.
9
What is the remainder when 818534 is divided by 136415?
44
What is the remainder when 10847197 is divided by 125?
72
What is the remainder when 248762 is divided by 355?